f 6018244?
4
What is the ten thousands digit of 16561616?
6
What is the hundreds digit of 13192862?
8
What is the thousands digit of 5821566?
1
What is the thousands digit of 71394?
1
What is the hundred thousands digit of 1742336?
7
What is the hundred thousands digit of 2012974?
0
What is the units digit of 537285?
5
What is the thousands digit of 108299?
8
What is the units digit of 25958334?
4
What is the hundreds digit of 3305449?
4
What is the ten thousands digit of 8286229?
8
What is the units digit of 544576?
6
What is the ten thousands digit of 606518?
0
What is the hundreds digit of 270572?
5
What is the tens digit of 1820678?
7
What is the hundred thousands digit of 140218?
1
What is the hundreds digit of 17534368?
3
What is the hundreds digit of 694799?
7
What is the thousands digit of 1451410?
1
What is the ten thousands digit of 4178117?
7
What is the hundred thousands digit of 2434731?
4
What is the tens digit of 3752835?
3
What is the millions digit of 13677610?
3
What is the ten thousands digit of 1249862?
4
What is the hundreds digit of 8287635?
6
What is the thousands digit of 257198?
7
What is the tens digit of 898240?
4
What is the hundreds digit of 221460?
4
What is the ten thousands digit of 555636?
5
What is the tens digit of 356037?
3
What is the thousands digit of 225311?
5
What is the ten thousands digit of 10034218?
3
What is the units digit of 1512830?
0
What is the millions digit of 3937584?
3
What is the tens digit of 587444?
4
What is the hundreds digit of 15633764?
7
What is the tens digit of 371651?
5
What is the ten thousands digit of 3416388?
1
What is the thousands digit of 11986182?
6
What is the thousands digit of 125814?
5
What is the tens digit of 8624172?
7
What is the hundreds digit of 258110?
1
What is the thousands digit of 1268787?
8
What is the thousands digit of 30608?
0
What is the tens digit of 184651?
5
What is the hundred thousands digit of 125991?
1
What is the units digit of 55889?
9
What is the hundreds digit of 101490?
4
What is the hundred thousands digit of 432947?
4
What is the thousands digit of 1616413?
6
What is the hundred thousands digit of 5228569?
2
What is the thousands digit of 147922?
7
What is the hundred thousands digit of 154865?
1
What is the hundred thousands digit of 8956314?
9
What is the hundreds digit of 7218862?
8
What is the tens digit of 337481?
8
What is the tens digit of 1220896?
9
What is the hundreds digit of 61349?
3
What is the tens digit of 364703?
0
What is the tens digit of 1324490?
9
What is the hundred thousands digit of 484256?
4
What is the hundreds digit of 2506622?
6
What is the ten thousands digit of 449202?
4
What is the millions digit of 10146175?
0
What is the tens digit of 651909?
0
What is the hundred thousands digit of 28254086?
2
What is the units digit of 513641?
1
What is the tens digit of 376159?
5
What is the tens digit of 691771?
7
What is the units digit of 38556062?
2
What is the ten thousands digit of 30345?
3
What is the units digit of 14397595?
5
What is the hundred thousands digit of 2025295?
0
What is the ten thousands digit of 3983896?
8
What is the hundreds digit of 1185385?
3
What is the thousands digit of 212063?
2
What is the thousands digit of 26992982?
2
What is the hundreds digit of 124467?
4
What is the hundreds digit of 11127383?
3
What is the hundreds digit of 93159?
1
What is the ten thousands digit of 476003?
7
What is the hundreds digit of 662122?
1
What is the ten thousands digit of 982701?
8
What is the hundred thousands digit of 21325771?
3
What is the thousands digit of 11702187?
2
What is the millions digit of 1468427?
1
What is the thousands digit of 184838?
4
What is the thousands digit of 2206713?
6
What is the hundred thousands digit of 874781?
8
What is the tens digit of 33813846?
4
What is the thousands digit of 136876?
6
What is the tens digit of 85800?
0
What is the hundreds digit of 8935230?
2
What is the tens digit of 277375?
7
What is the thousands digit of 7944726?
4
What is the tens digit of 225826?
2
What is the hundreds digit of 174630?
6
What is the thousands digit of 81197?
1
What is the tens digit of 3958421?
2
What is the millions digit of 6280264?
6
What is the thousands digit of 33677781?
7
What is the hundred thousands digit of 267568?
2
What is the ten thousands digit of 13724710?
2
What is the hundred thousands digit of 9176180?
1
What is the hundreds digit of 3056828?
8
What is the thousands digit of 110038?
0
What is the ten thousands digit of 1147326?
4
What is the thousands digit of 87181?
7
What is the hundreds digit of 140762?
7
What is the millions digit of 4984030?
4
What is the thousands digit of 4998219?
8
What is the hundreds digit of 155334?
3
What is the tens digit of 3880816?
1
What is the hundred thousands digit of 31548313?
5
What is the units digit of 212428?
8
What is the units digit of 4854786?
6
What is the hundred thousands digit of 10709663?
7
What is the tens digit of 26448630?
3
What is the thousands digit of 1235858?
5
What is the ten millions digit of 30240663?
3
What is the millions digit of 4621635?
4
What is the units digit of 1948402?
2
What is the hundred thousands digit of 553879?
5
What is the units digit of 102990?
0
What is the ten thousands digit of 178798?
7
What is the ten thousands digit of 3338291?
3
What is the units digit of 322019?
9
What is the units digit of 261624?
4
What is the hundred thousands digit of 1001849?
0
What is the tens digit of 53700?
0
What is the thousands digit of 12000867?
0
What is the hundreds digit of 12438464?
4
What is the hundred thousands digit of 24057356?
0
What is the hundred thousands digit of 2459935?
4
What is the millions digit of 4835608?
4
What is the ten thousands digit of 420237?
2
What is the thousands digit of 23454?
3
What is the hundreds digit of 147324?
3
What is the ten thousands digit of 3069124?
6
What is the hundred thousands digit of 1035825?
0
What is the hundred thousands digit of 1719277?
7
What is the tens digit of 5457361?
6
What is the thousands digit of 157134?
7
What is the units digit of 1523779?
9
What is the ten thousands digit of 201222?
0
What is the units digit of 2786528?
8
What is the tens digit of 880004?
0
What is the tens digit of 5217776?
7
What is the thousands digit of 201946?
1
What is the hundreds digit of 3063562?
5
What is the hundreds digit of 1122349?
3
What is the ten thousands digit of 49686?
4
What is the tens digit of 328362?
6
What is the ten thousands digit of 2398514?
9
What is the tens digit of 68813?
1
What is the millions digit of 12618017?
2
What is the ten millions digit of 14439275?
1
What is the ten thousands digit of 3812331?
1
What is the tens digit of 2631774?
7
What is the ten thousands digit of 182509?
8
What is the tens digit of 1814364?
6
What is the thousands digit of 4771?
4
What is the hundreds digit of 88994?
9
What is the units digit of 641366?
6
What is the hundred thousands digit of 466462?
4
What is the tens digit of 8560339?
3
What is the units digit of 581800?
0
What is the hundred thousands digit of 3578587?
5
What is the thousands digit of 3834941?
4
What is the hundred thousands digit of 33943787?
9
What is the hundreds digit of 1029320?
3
What is the tens digit of 80137?
3
What is the ten thousands digit of 221922?
2
What is the tens digit of 30006308?
0
What is the ten thousands digit of 237974?
3
What is the units digit of 2335436?
6
What is the hundred thousands digit of 916300?
9
What is the units digit of 269162?
2
What is the thousands digit of 2319904?
9
What is the hundred thousands digit of 14985340?
9
What is the hundreds digit of 322621?
6
What is the units digit of 282565?
5
What is the hundred thousands digit of 698878?
6
What is the tens digit of 390692?
9
What is the tens digit of 164230?
3
What is the tens digit of 17364756?
5
What is the hundreds digit of 1036216?
2
What is the ten millions digit of 28378244?
2
What is the millions digit of 13018525?
3
What is the units digit of 5424059?
9
What is the thousands digit of 323511?
3
What is the thousands digit of 2880008?
0
What is the hundreds digit of 445481?
4
What is the units digit of 4835152?
2
What is the thousands digit of 1755335?
5
What is the tens digit of